2
What is 5 + -9 + -6 + 1 + -1 + -27?
-37
17 + -13 + -6 - 6
-8
(14 - -6) + (0 - (9 + 11))
0
8 + (-10 - -10) + 2 + -6 + 14
18
Evaluate (-3 + -5 + -16 - -46) + 8.
30
What is 110 + -34 - (58 - -34)?
-16
What is the value of (-11 - (0 + 2)) + (-22 - -37) + (-5 - -9)?
6
What is -11 - ((13 - 110) + 46)?
40
What is (13 - (10 - 0 - (-99 + -21 + 55))) + 11?
-51
What is 5 - -4 - (-30 - -25) - (145 - 130)?
-1
-97 - (-53 + -45 + 44)
-43
Calculate (-7 + 5 + 115 - (-5 - (0 + 11))) + 5.
134
What is the value of -59 + (-2 - (-170 + 145))?
-36
-37 + 34 + 0 + 1 + -3 - -29
24
What is -32 - (37 - 50) - -44?
25
What is the value of 89 - ((-38 - 13) + 77)?
63
Evaluate (12 - 2 - 12) + (-445 - -498).
51
What is 20 + (0 - (-77 + 157))?
-60
What is -30 + (-8 - (-3 - 7)) + (-14 - -2) + 7?
-33
What is the value of 78 + -112 + (99 - -28)?
93
Evaluate (-62 - 24) + 37 - 48 - -5.
-92
0 + (-16 - -60) + -12 + -84
-52
What is -4 + -66 + -2 - (-8 - (-104 - -102))?
-66
What is 19 - (45 - (-25 - -12)) - -11?
-28
What is the value of -7 - 2 - (-60 - (-5 + -1 + 6 - 14))?
37
36 + ((0 - -37) + (-35 - -17) - 24)
31
Evaluate -16 + 13 + (-11 - 1) - (5 + (1 - 8)).
-13
Calculate 2 + 29 - (-31 - -46) - 10.
6
What is (0 - 4) + (-5397 - -5494)?
93
What is -479500 + 479632 - ((-13 - 0) + 1 + -1)?
145
Calculate -15 - (-15 - (13 - (20 + -11))).
4
Calculate 1 + 8 + (30 - (6 + (-27 - -10))).
50
What is 10 + (-14 - (9 + -14) - -8) - 4 - -79?
84
What is 13 + (-24 - (-2 - 3)) + -35?
-41
Calculate -20 - (-8 + (16 - 8)).
-20
Evaluate -63 + (15 - (47 + -27)) + -8.
-76
Evaluate (4 + 7 - 28) + 22 + 13.
18
What is -8 - (-114 - (23 - (19 - (17 + -36))))?
91
What is (-68 + -11 - -8) + (-219 - -213)?
-77
(152 - 144) + (-40 - (-1 + 0)) + -3
-34
Evaluate 19 - (36 - ((-2 - 31) + (-157 - -175))).
-32
Calculate -1 + (-41 - (0 + (-53 - 17))).
28
(-12 - (12 + -43)) + -3 + -55
-39
Calculate 17 - (-11 + (12 + -15 + -9 - -17 - -4)).
19
(-2 - 1) + -7 + 4 - (54 + -69 + 23)
-14
Calculate -46 - (-13 + 6 + 8 + -1 + 8).
-54
What is 1 + -120 + (-8 - -17 - ((-56 - -29) + 35))?
-118
Calculate 4 + -130 + (-13 - -14) - (-6 - 5 - 0).
-114
Evaluate 14 + (3 - -39) + -28.
28
What is the value of -23 - -12 - -17 - (16 - (-16 + 20))?
-6
53 + -1 + ((-37 - -9) + 0 - -20)
44
What is the value of (0 - -1) + 0 + 74 - (-487 + 318 - -158)?
86
What is the value of (0 - (3 + -10 - -4)) + -19 + 95?
79
Evaluate 160 + (-31 - (-52 + 32)) + -14 + (3 - 4).
134
What is (68 - (-4 + 3)) + (-1427 - -1437)?
79
Evaluate 6 + ((4 - 0) + -5 - 18) + (107 - 115).
-21
Evaluate -4 - -5 - (1 - 0 - 3) - (3 - 18).
18
What is (9 - -126) + -50 + -52?
33
Calculate 0 + 2 + 0 + -17 + (620 - 628).
-23
(-27 - (-33 - 4)) + (2 - (5 + -2) - -80)
89
What is the value of -3 - -1 - (-4 - -65 - (-35 - (-17 + -4)))?
-77
Calculate -8 + 4 - (-13 + 20) - (-4 - (-44 + -3)).
-54
Calculate (-29 + 25 - 21) + -9.
-34
What is 9 + -3 + (-36 - (-14 + -13)) + 21?
18
Evaluate -5 + -25 + 13 + 79 + -100.
-38
What is -26 - -69 - 41 - 0 - (2 - 98)?
98
Calculate (22 - 25) + -12 + -191 + 182.
-24
Evaluate -80 - ((67 - 19) + -54).
-74
Evaluate -5 + 4 + 10 - (-25 - -29 - -3) - -16.
18
Evaluate ((-25 - -21) + 30 - 14) + (1 - -12).
25
Evaluate 82 + -33 + 37 + -45.
41
(-53 - -110) + -154 - -46
-51
Calculate 12 - -8 - 15 - (8 + (6 - 86) + 8).
69
-20 - 94 - -4 - -145
35
Calculate (-19 - -10) + (1 - (-1 + -1 - 1) - -2).
-3
What is the value of (3 - 1 - -28) + 45 + (100 - 152)?
23
Calculate (-50 - -16) + -1 + 26.
-9
What is the value of -5 + -3 + 3 + -4 + -57 + 52 + 32?
18
What is 12 + 0 + (78 - 72 - (0 - -1))?
17
What is the value of (21 + -9 - 27) + 67 - (2 - 15)?
65
Calculate (-21 - -20) + (-12 - -1) + -22 + (-17 - 1).
-52
What is 74 + (14 - 42) - 79?
-33
Evaluate -65 + (7 + -7 + -8 + -4 - -23).
-54
Calculate (-261 - -250) + (-20 - 6).
-37
What is the value of -21 + 0 + 29 + -34 + 2 + -7?
-31
-16 + -2 + (78 - (-36 - -38) - -24)
82
What is -38 + (-6 - (-43 - 12))?
11
What is the value of 12 - (-2 - -5) - (4 - -9)?
-4
What is the value of (-97 - (1 - 5)) + (-26 + 1 - (146 - 161))?
-103
Calculate (24 - (-7 + 9)) + 23 + (-53 - -47).
39
What is the value of 28 + 28 + 2 + -4?
54
Calculate (8 - -6) + -22 - (6 + (-1 - 0) + 0).
-13
What is the value of 50 - (-3 + 22 + (80 - 76))?
27
Calculate 46 - ((94 + -103 - (-1 - 1 - 1)) + 4).
48
What is (-49 + 38 + -80 + -2 - -23) + (0 - 13)?
-83
What is 15 + -10 + -14 - 43?
-52
What is the value of (29 - (22 + (8 - 21))) + -9?
11
What is the value of -6 - (-69 - (-46 - -37))?
54
What is (-30 - 1 - (15 + -4 - 8)) + (1 - 2)?
-35
Calculate -51 + 14 + -48 + 14.
-71
What is the value of (54 - -31 - 119) + (0 - -5 - -1 - -3)?
-25
What is 5 + -6 + 0 + -80?
-81
Evaluate -1 + 4 + (-4 - 3) + (63 - (-146 + 124)).
81
Evaluate ((74 - 57) + -31 - (1 + -5)) + 11.
1
Evaluate -4 - (-298 + 326 + (-7 - (2 + 1))).
-22
Evaluate 22 + 29 + -72 - 90.
-111
What is 2 + (-1 - -16) - ((-303 - -91) + 113)?
116
14054 + -14019 - (2 - (-77 + 3))
-41
(41 + 28 - 69) + (-1 - -8)
7
13 + 63 + -26 + (-1 - 19)
30
Calculate 37 + 0 + (1621 - 1658).
0
What is 3 - (2 - ((27 - 12) + 100 - -22))?
138
-51 + 33 + -3 + 25 - (-47 + 3 - -5)
43
Calculate (15 - 2) + (-9 - -1 - (171 + -181)).
15
What is -10 + 73 + -5 + (-15 - -7)?
50
What is (-7 - (-10 - -16 - 20)) + -21?
-14
Calculate 39 + 1 + 2 + -2 - (190 + -187).
37
Evaluate -5 + -8 + -8 - ((67 - 29) + -18).
-41
What is the value of 111 + (1 - 1) - (14 + 0 - (-7064 + 7081))?
114
Evaluate 9 + -10 + -3 + -14 + -31 + 55 + -135.
-129
What is -2759 + 2804 - (13 - 1)?
33
Calculate (-3 + 1 - (-40 + 14 + -29)) + -9.
44
Evaluate 15 + (3 - 2) - (172 + -128).
-28
Calculate 2 + -1 - (12 + -28 + 45 + -79).
51
What is the value of (-500 - -488) + (-4 - 1) + (23 - 1)?
5
Calculate (-6 - (-1 + 5 + -7)) + 21 + -7 + 15.
26
Calculate (-112 - (34 - 85)) + 12.
-49
Calculate -23 - (30 + -8 + (7 - 124)).
72
What is the value of -28 + 37 + (50 - 50)?
9
What is the value of (16 - (-41 - -36)) + -3?
18
What is 525 + -536 + (29 + -5 - ((-3 - -9) + -4))?
11
What is the value of (15 - (2 + -9 + 10)) + 0 + 4?
16
Evaluate (-22 - (-36 + 34)) + (-12 - 4).
-36
-391 - -223 - ((-3 - (-2 - -4)) + -14 - -3)
-152
What is 2 + 1 + 2 + -273 + 119 + 145?
-4
What is the value of (9 - 15 - (17 + -57)) + -20?
14
Evaluate (-1365 - -1355) + (-1 - 1) + -7 + 4 + -1.
-16
0 - 8 - (37 + (-3 - (1 + -1)) - -7)
-49
Evaluate 0 - (3 - ((17 - -8) + -3)).
19
What is 37 + 37 + -16 + 27?
85
What is the value of -30 - -47 - (31 + -22 - (-1 + 4 - 0))?
11
Evaluate (-7863 - -7864) + 1 + (3 - 2).
3
What is ((-9 - -15) + (-1 - 0) - 17) + (-182 - -171)?
-23
Evaluate 53 - (6 + -7) - (480 + -482).
56
Evaluate 42 + -1 - 0 - (77 + -240 + 176).
28
What is (7 - -2 - -12) + 30 + -79?
-28
(-91 + 135 - 131) + 18
-69
What is 0 - -1 - (-6 - -5) - ((-14 - 89) + 47)?
58
What is -30 - -7 - -8 - (146 - 170) - -85?
94
(1 + -5 - (9 + -35 - -12)) + 33 - 9
34
Evaluate ((14 - 23) + 75 - 59) + (120 - 0) + 1.
128
375 + -326 - (1 - -107) - (-1 + 3 + 1)
-62
Calculate -37 + 85 + -22 - 153 - (2 - (5 + 0)).
-124
What is -17 + (-27 - 17) - (-2 + -12)?
-47
-8 - (-3 - -3) - (2 + (3 - 17) + -12)
16
Calculate -22 - -28 - 6 - 6.
-6
69 - -22 - (-1 + 6 + 3 - (22 - 1))
104
What is -31 - (-36 + 66) - -44?
-17
Evaluate (28 - -7 - (39 + -7)) + -10.
-7
What is 0 + 57 + (47 - (43 + 19))?
42
Calculate -44 + -1 - (56 + 34 - 68).
-67
-34 + -13 + 1 + 12 + -201 + 191
-44
What is 357 + -322 + -8 + 5 + -7?
25
-33 - -8 - (17 - 5 - (16 + 8))
-13
What is 392 - 399 - (4 - 32 - 2)?
23
What is the value of -50 + -3 + 64 + -102?
-91
62 - 1 - (9 + 118 + -128)
62
Calculate (-62 - -21) + 16 + 68.
43
Evaluate (7 - -15) + (-46 - 5) + 37.
8
What is -6 - (-11 + 47 + -9)?
-33
What is the value of -16 - (-23 - 7) - 30 - -18?
2
Evaluate 42 + -8 + -9 + 16 + -29.
12
What is -61 + (-17 - ((22 - 5) + -47))?
-48
What is the value of -7 + (-8 - -3) + (15 - (-19 - -32))?
-10
What is the value of -66 + (-3 + 24 - 10)?
-55
53 + (29 - 22) - 38 - -76
98
Calculate (-20 - (-1 + -3)) + -17 + (5 - (9 - 2)).
-35
Evaluate -11 - (4 + -23 + 2) - (65 - 7).
-52
What is the value of -10 + 2 + -5 + 7 + 11?
5
What is the value of 24 + -1 + 18 + (10 - (-4 + 12)) + -19?
24
What is the value of (27 - 1) + (-92 - -83) + -93 + 18?
-58
Evaluate -17 + (-2 - -6 - 6) + 13.
-6
(-46 - -1 - (-139 + 94)) + (-1 - -2) + 49
50
What is the 